-w**3 + 2*w**2 + 4*w - 1. Let p be ((-66)/55)/(-2 - 8/(-5)). Let z be l(p). Suppose -4*h = -5*h + 2, z*y + h = 130. List the prime factors of y.
2
Let s(i) = 2*i - 21. Let j(g) = -g + 1. Let b(r) = 3*j(r) + s(r). Let l be b(-18). Let f(q) = q**3 - 2*q + 64. What are the prime factors of f(l)?
2
Let i = 40 + -115. Let y be (-3)/5 - 270/i. Suppose y*u + 5*v - 214 = 0, 10*u - 370 = 5*u + 5*v. List the prime factors of u.
73
Let c(f) = -450*f - 1. Let m(q) = 675*q + 2. Let x(j) = -8*c(j) - 5*m(j). Let u be x(1). Suppose -3*g = 70 - u. List the prime factors of g.
3, 17
Let g be -1 - (-2 + 3 + 20). Let c = 2526 + -2609. Let x = g - c. What are the prime factors of x?
61
Let a(g) = -g**3 + 17*g**2 - 15*g + 32. Let n be a(16). What are the prime factors of ((-166)/(-4) + 0)/(6/n)?
2, 83
Let f(u) = -6*u**3 - 299*u**2 - 40*u - 132. What are the prime factors of f(-51)?
3, 5, 149
Let s(x) = -3*x**3 + 3*x**2 - 152*x - 469. List the prime factors of s(-20).
3, 9257
List the prime factors of (-10)/(-45)*13143 - 4/6.
2, 5, 73
Suppose 0 = 9*p + 214 - 16. Let g be 5 - 9 - (2 + p). List the prime factors of ((-66)/(-9))/(g/168).
7, 11
Let j = 2891 - 1845. What are the prime factors of j?
2, 523
List the prime factors of (-3)/(-21) + (-1474700)/(-175).
3, 53
Suppose 15*z - 20*z = -25. Suppose -97 = -2*f + z*v, 6*f - 4*f - 67 = -v. List the prime factors of f.
2, 3
Suppose 5*x - 42266 = 9699. What are the prime factors of x?
19, 547
Suppose -74*w + 62*w = -154524. What are the prime factors of w?
79, 163
Suppose -49*j - 955 = -54*j. Let i be -1 - j - (3 + (-9)/3). Let v = -86 - i. What are the prime factors of v?
2, 53
Suppose 97386 - 7134 = 207*c. List the prime factors of c.
2, 109
Let q(n) = -19*n + 45. Let i be q(-5). Let l = 294 - i. Suppose -8*m + l = -302. List the prime factors of m.
3, 19
Let o = 20 + -35. Suppose -9*t - 208 = -217. List the prime factors of ((3/2)/(o/(-1090)))/t.
109
Let c = -163 - -23355. What are the prime factors of c?
2, 13, 223
Suppose -15 = 5*z - 240. Suppose -2*g + 2*i = 0, 3*i = 5*g - 3*g - 2. Let h = g + z. What are the prime factors of h?
43
Let b(p) = 4527*p**2 - 33*p + 109. What are the prime factors of b(3)?
83, 491
Let j(x) = 4*x**2 + 20*x - 84. List the prime factors of j(-43).
2, 1613
Let p = 9586 - -17942. List the prime factors of p.
2, 3, 31, 37
Let m(z) = 3*z + 12. Suppose -4*w + 333 = 85. Suppose 35 = 4*f - u - w, -3*f + u = -73. List the prime factors of m(f).
2, 3, 7
Suppose -2*p = -3*p. Suppose -15*h + 16*h - 186 = 0. Suppose -3*n + 63 + h = p. List the prime factors of n.
83
Suppose s + 10*p - 13*p - 9047 = 0, -5*s = -p - 45277. List the prime factors of s.
2, 283
Let p be (14/(-6) - 0) + 3/9. Let j(f) = -5*f**3 + 7*f**2 + f - 8. List the prime factors of j(p).
2, 29
Let u be 41/2*-1*2*-22. Suppose -5*o + u + 673 = 0. What are the prime factors of o?
3, 5, 7
What are the prime factors of -1 + ((-9)/(-2))/((-182169)/16562 + 11)?
2, 1433
Let g be 6/9 - (-1 + 69/9). List the prime factors of (-2094 - 0/9)/(g/4).
2, 349
Suppose 2*x - 1172 = -1082. Suppose -x = 6*a - 7239. What are the prime factors of a?
11, 109
Let x(c) be the second derivative of -c**5/20 + 17*c**4/12 - 5*c**3/2 - 5*c**2 - 6*c. Let m be x(16). Suppose -10 + 142 = m*l. List the prime factors of l.
2, 11
Let p = -47775 - -68983. What are the prime factors of p?
2, 11, 241
Let q = 38 + -36. Suppose 0 = -5*h - 3*s + 2528, -1009 = -q*h - 0*h + s. What are the prime factors of h?
5, 101
Let o(t) = -t**3 - 15*t**2 - 14*t + 3. Let l be o(-14). Suppose -5 = -4*g + l. What are the prime factors of (-85 + g)/(6/2 - 4)?
83
Let v be (-2)/(-4) + 27/2. Let h(a) = -2*a**2 + 36*a + 16. Let d be h(20). Let n = v - d. What are the prime factors of n?
2, 3, 13
Suppose -4*l + 30 = 3*a, 2*a + 3 = 5*l - 0. Suppose -o - n + 83 = 0, a - 4 = 2*n. Let x = o - 40. List the prime factors of x.
2, 3, 7
Suppose 4*o + 26*g = 25*g + 25469, -3*g = -3*o + 19113. List the prime factors of o.
2, 199
Suppose -y + 7*y - 84 = 0. List the prime factors of (-2)/(y/(-3)) - (-5283)/21.
2, 3, 7
Let h(p) = 5*p**2 - p + 13. Let k be (-132)/8*2/3. List the prime factors of h(k).
17, 37
Let i(n) = -n**3 + 10*n**2 - 11*n + 5. Let p be i(8). Let d be (-2 - 0 - -88) + -7 + 3. Suppose -f = -d - p. What are the prime factors of f?
127
Suppose -744044 = -70*i + 259196. What are the prime factors of i?
2, 3583
Let a(r) = -r**3 + 8*r**2 - 4*r - 5. Let s be a(7). Let q(w) = 23*w**3 - 8*w**3 - 6*w**3 + 21*w + 11 - 10*w**3 + 15*w**2. What are the prime factors of q(s)?
7, 13
Let r = -24813 - -45934. List the prime factors of r.
21121
Let f(h) = 278*h**2 - 11*h - 30. Let g be f(-8). Suppose -14*p + 44*p = g. List the prime factors of p.
5, 7, 17
Suppose 10*l - 96814 - 128816 = 0. What are the prime factors of l?
3, 23, 109
Let x = 44257 - 16456. List the prime factors of x.
3, 3089
Let f(w) = 3*w**2 + 2*w - 4. Let q be f(3). Suppose s - 52 = -12*s. Suppose -5*h + q = -s*h. What are the prime factors of h?
29
Let g = -185 - -188. Suppose -2*c = g*c - 2030. What are the prime factors of c?
2, 7, 29
Let g(u) = u + 4. Let o be g(0). Suppose -r + 5*s = -o*r + 59, r + 4*s - 22 = 0. Suppose -r*k + 11*k + 1204 = 0. What are the prime factors of k?
2, 43
Suppose 3689*a - 3692*a + 193309 = 5*d, -a + 38659 = d. List the prime factors of d.
2, 19333
Let b(q) = -21*q**3 - 5*q**2 - q + 2. Let t be b(-2). Suppose 5*y - t = 3*y. What are the prime factors of y?
2, 19
Let j(x) = -x**3 + 17*x**2 - 26*x - 23. Let m be j(11). Let y = 171 + m. What are the prime factors of y?
2, 3, 7
Let y be -5 + (5 - 4/2) - -195. Let z = y + 369. List the prime factors of z.
2, 281
Let w(q) = 7*q**2 + 30*q + 23. Let p be w(-13). Suppose 11*l - 2884 = -p. List the prime factors of l.
2, 47
Let r(l) = 4*l + 0*l + 230 - 221. Let n be r(7). Suppose -117 = -n*h + 36*h. What are the prime factors of h?
3, 13
Suppose -5*h + 3*x = -22, -3*h + 2*x = h - 18. What are the prime factors of (909/5 - (-1)/h) + 0?
2, 7, 13
Suppose -3*l = 3*l. Suppose l = 5*s + 9*s - 98. Suppose 0 = 4*g + 4*m - 836, -4*m + s*m = 3*g - 609. List the prime factors of g.
2, 103
Let v = 91 - 85. Suppose 2*x + v = 3*h - 0*x, 3*x = 4*h - 8. Suppose -3*t + w = -404, 3*t - 684 = -h*t - w. What are the prime factors of t?
2, 17
List the prime factors of 29663/((-1)/(-22)*11).
2, 29663
Let z(x) be the first derivative of -8*x**2 + 2*x + 5. Let p = 6 + -7. What are the prime factors of z(p)?
2, 3
Let m = -841 + 843. Suppose 0 = 4*k - m*a - 3043 - 963, 2*a + 1998 = 2*k. List the prime factors of k.
2, 251
Suppose 4*n + y - 1096 = -3*y, 0 = 3*n + y - 812. Suppose -4*r = -r + 447. Let a = n + r. What are the prime factors of a?
2, 3, 5
Let u be ((-549)/(-244))/((-3)/19232). List the prime factors of 6*(-4)/60 + u/(-10).
2, 7, 103
Let p(j) = -j**2 - 8*j - 2. Let h be p(-7). Suppose -10 = 5*b, -s = -h*b - 33 - 386. List the prime factors of s.
409
What are the prime factors of 29/(609/96012)*4/6?
2, 3, 127
Let h(i) = -2*i**3 + 11*i**2 + 13*i - 91. Let b be h(9). Let s = 552 - b. What are the prime factors of s?
1093
Let x(r) = -27*r - 432. Let i be x(-19). Suppose -2*u + 919 + 353 = 0. Suppose -u = 77*s - i*s. What are the prime factors of s?
3, 53
Suppose -q + 3*w + 7407 = 0, -19*q + 17*q + 2*w = -14818. What are the prime factors of q?
2, 3, 5, 13, 19
Suppose 48789 = 4*s + 4*p - 22887, 5*s = 3*p + 89627. List the prime factors of s.
17923
Let w = -93 - -90. Let j = -6 - w. List the prime factors of j*(-2 + 1) - -93.
2, 3
Suppose 4*i - 6*i + 28057 = 5*g, -42077 = -3*i + g. What are the prime factors of i?
2, 7013
Let o(m) = -4*m**3 + 4*m**2 - 6*m - 17. Let w be o(-6). Let j = w - 277. What are the prime factors of j?
2, 3, 5
Suppose -3*a + 2*a - 2 = 0. Let w be 46*(3 + 6/(-4)) - a. Suppose -33 = m - w. List the prime factors of m.
2, 19
Let y = 307 + -317. Let r be (-3)/(-6) - (-11)/(-2). List the prime factors of 3 - r*(176/y)/(-2).
47
Suppose -z + s = -3*s - 216, -2*z = 2*s - 402. Let r = z - -98. What are the prime factors of r?
2, 151
What are the prime factors of (-515590)/(-235)*(-1 + (1 - (-50)/4))?
5, 1097
Suppose o = -5*a + 1461 + 30523, 2*o = -3*a + 63982. List the prime factors of o.
2, 17, 941
List the prime factors of (-10)/780*6 + 103326/26.
2, 1987
Suppose 3*f - 11*m -